{"id":78,"date":"2014-10-08T09:15:37","date_gmt":"2014-10-08T08:15:37","guid":{"rendered":"http:\/\/rroma.sommer.support\/?page_id=78"},"modified":"2024-12-17T10:37:14","modified_gmt":"2024-12-17T09:37:14","slug":"present-days","status":"publish","type":"page","link":"https:\/\/rroma.org\/de\/roma-history\/present-days\/","title":{"rendered":"Neuere Geschichte"},"content":{"rendered":"<p>Zwischen 1989 und 1991 fiel der Kommunismus in ganz Osteuropa. Die Demokratie entstand, angef\u00fchrt von Menschen, die gr\u00f6\u00dftenteils fr\u00fcher Kommunisten waren. Die Roma mussten sich neuen, schwierigen Problemen stellen. Arbeit war und ist das Gr\u00f6\u00dfte. <\/p>\n\n\n\n<p>Roma verloren ihre Arbeit, als gro\u00dfe staatliche Fabriken und staatliche Farmen geschlossen wurden. Viele Menschen waren (und sind) arbeitslos, nicht nur Roma, aber ihre Situation ist schwierig, da viele schlecht qualifiziert waren. <\/p>\n\n\n\n<p>In dieser Zeit entstanden auch politischer Extremismus, Nationalismus und Chauvinismus und vor allem Hass auf Ausl\u00e4nder. In den ehemals kommunistischen Staaten nehmen Roma-feindliche Einstellungen zu. Roma werden zusammengeschlagen oder gar ermordet, ihre H\u00e4user niedergebrannt. Diese Attacken finden in ganz Osteuropa statt, von Russland und Polen \u00fcber die Tschechische und Slowakische Republik bis hin zu Ungarn, Rum\u00e4nien und Bulgarien.<\/p>\n\n\n\n<h3 class=\"wp-block-heading\">Wirtschaftliche Probleme<\/h3>\n\n\n\n<p>Die Kombination aus dem Verlust von Arbeitspl\u00e4tzen, zunehmendem Anti-Roma-Rassismus und schlechter Bildung hat die Roma effektiv aus dem postkommunistischen Boom in Osteuropa ausgeschlossen. Viele sind seit der Wende arbeitslos und leben von staatlicher Sozialhilfe.<\/p>\n\n\n\n<figure class=\"wp-block-image size-large\"><img loading=\"lazy\" decoding=\"async\" width=\"1024\" height=\"683\" src=\"https:\/\/rroma.org\/wp-content\/uploads\/2024\/12\/CA3C9C3F-7D81-4A0A-A490-66B34F4617AE_w1080_r0_s-1024x683.jpg\" alt=\"\" class=\"wp-image-26176\" srcset=\"https:\/\/rroma.org\/wp-content\/uploads\/2024\/12\/CA3C9C3F-7D81-4A0A-A490-66B34F4617AE_w1080_r0_s-1024x683.jpg 1024w, https:\/\/rroma.org\/wp-content\/uploads\/2024\/12\/CA3C9C3F-7D81-4A0A-A490-66B34F4617AE_w1080_r0_s-300x200.jpg 300w, https:\/\/rroma.org\/wp-content\/uploads\/2024\/12\/CA3C9C3F-7D81-4A0A-A490-66B34F4617AE_w1080_r0_s-768x512.jpg 768w, https:\/\/rroma.org\/wp-content\/uploads\/2024\/12\/CA3C9C3F-7D81-4A0A-A490-66B34F4617AE_w1080_r0_s-18x12.jpg 18w, https:\/\/rroma.org\/wp-content\/uploads\/2024\/12\/CA3C9C3F-7D81-4A0A-A490-66B34F4617AE_w1080_r0_s-624x416.jpg 624w, https:\/\/rroma.org\/wp-content\/uploads\/2024\/12\/CA3C9C3F-7D81-4A0A-A490-66B34F4617AE_w1080_r0_s-272x182.jpg 272w, https:\/\/rroma.org\/wp-content\/uploads\/2024\/12\/CA3C9C3F-7D81-4A0A-A490-66B34F4617AE_w1080_r0_s.jpg 1080w\" sizes=\"auto, (max-width: 1024px) 100vw, 1024px\" \/><figcaption class=\"wp-element-caption\">Roma Siedlung in der Slowakei<\/figcaption><\/figure>\n\n\n\n<p>Diese Arbeitslosigkeit und Armut, insbesondere in der Karpatenregion, zusammen mit einer zunehmenden Segregation innerhalb der Gemeinschaften und einer schlechten Bildung haben viele Roma in Mitteleuropa de facto vom Arbeitsleben abgeschnitten, und dies \u00fcber mehrere Generationen. <\/p>\n\n\n\n<p>Die schwierige wirtschaftliche Lage, zusammen mit Rassismus und Anti-Roma-Akten, veranlasste viele Roma zur Flucht in westeurop\u00e4ische L\u00e4nder. Viele rum\u00e4nische, tschechische, slowakische und bulgarische Roma kamen nach Deutschland, in die Schweiz und in andere reiche westliche L\u00e4nder.<\/p>\n\n\n\n<p>Die meisten von ihnen waren (und sind) illegale Einwanderer oder Fl\u00fcchtlinge. Sie suchten etwas zu tun, zu arbeiten, zu leben, aber viele von ihnen fanden kein besseres Leben als das, das sie verlassen hatten. <\/p>\n\n\n\n<h3 class=\"wp-block-heading\">L\u00e4nderpartitionen<\/h3>\n\n\n\n<p>Die Roma in Osteuropa standen vor einem weiteren schweren Problem. In der Tschechischen und Slowakischen Republik, in den baltischen Staaten, wollten die Beh\u00f6rden den Roma die neue Staatsb\u00fcrgerschaft nicht geben. Am schlimmsten war die Lage in der Ex-Tschechoslowakei. Im Zweiten Weltkrieg wurden alle tschechischen Roma deportiert und in Konzentrationslagern ermordet. Um sie zu ersetzen, zogen slowakische Roma als ungelernte Arbeiter in die gro\u00dfen tschechischen Fabriken und lie\u00dfen die Roma nach ihrer Schlie\u00dfung arbeitslos.<\/p>\n\n\n\n<p>Bei der Teilung gew\u00e4hrten die tschechischen Beh\u00f6rden den Roma nicht die tschechische Staatsb\u00fcrgerschaft und behaupten, sie seien Slowaken. Aber die neue Slowakische Republik wollte sie nicht zur\u00fccknehmen, sie hatten keine Staatsb\u00fcrgerschaft. Das wurde nach ein paar Jahren gel\u00f6st. <\/p>\n\n\n\n<h3 class=\"wp-block-heading\">Ethnische S\u00e4uberung<\/h3>\n\n\n\n<p>Beim Zerfall Jugoslawiens kam es zu den schlimmsten \u00dcbergriffen gegen Roma, insbesondere in Bosnien und im Kosovo. Dort engagierten sich alle Beteiligten f\u00fcr ethnische S\u00e4uberungen gegen Roma, was zu einem fast vollst\u00e4ndigen Verschwinden dieser zum Teil \u00fcber tausend Jahre alten Roma-Gemeinschaften f\u00fchrte.<\/p>\n\n\n\n<h4 class=\"wp-block-heading\">Bosnien<\/h4>\n\n\n\n<p>Der Bosnienkrieg mit seinem Nationalismus erwies sich f\u00fcr die Roma als beinahe t\u00f6dlich. Die Roma fanden keinen Platz unter den drei \u201eethnischen\u201c Hauptgruppen der Bosniaken, Kroaten und Serben. Man sollte beachten, dass diese Teilung gr\u00f6\u00dftenteils eine religi\u00f6se und keine ethnische ist. Roma-Siedlungen wurden von allen Seiten zerst\u00f6rt und Roma wurden zur Flucht gezwungen, innerhalb des Landes und auch dar\u00fcber hinaus.<\/p>\n\n\n\n<figure class=\"wp-block-image size-large\"><img decoding=\"async\" src=\"https:\/\/rroma.org\/wp-content\/uploads\/2015\/01\/Houses-in-Doboj.jpeg\" alt=\"\"\/><figcaption class=\"wp-element-caption\">Doboj - die Roma Siedlung<\/figcaption><\/figure>\n\n\n\n<p>Die Roma sind zwar nicht mehr zur Flucht gezwungen, haben aber dennoch keinen Platz in einem nach ethnischen Kriterien definierten Staat.<\/p>\n\n\n\n<h4 class=\"wp-block-heading\">Kosovo<\/h4>\n\n\n\n<p>Im Gegensatz zu Bosnien war die Situation im Kosovo v\u00f6llig anders. Die Roma waren gut in das soziale Gef\u00fcge integriert und geh\u00f6rten effektiv zur Mittelschicht, insbesondere in St\u00e4dten wie Prizren. Die autochthonen Roma, die Arlii und Bugurd\u017ei, sowie Gruppen wie die \u00c4gypter und die Aschkali, Roma, die ihres Romanes weitgehend verloren haben, stellten sich auf die Seite der Albaner. Nur einige Gurbeti, urspr\u00fcnglich Vlach-Roma, stellten sich auf die Seite der Serben.<\/p>\n\n\n\n<p>Als solche verloren viele Roma ihre Arbeit, zusammen mit den Albanern, als Milosevic versuchte, den serbischen Einfluss auf das Kosovo zu sichern. Viele flohen damals gemeinsam mit Albanern. Viele Roma unterst\u00fctzten die albanische UCK zu Beginn des Krieges und waren schockiert, als sie nach der Nato-Intervention aus dem Kosovo ausgewiesen und ihr Eigentum beschlagnahmt wurde.<\/p>\n\n\n\n<figure class=\"wp-block-image size-full\"><img loading=\"lazy\" decoding=\"async\" width=\"830\" height=\"622\" src=\"https:\/\/rroma.org\/wp-content\/uploads\/2015\/01\/Be-Tolerant.jpeg\" alt=\"\" class=\"wp-image-833\" srcset=\"https:\/\/rroma.org\/wp-content\/uploads\/2015\/01\/Be-Tolerant.jpeg 830w, https:\/\/rroma.org\/wp-content\/uploads\/2015\/01\/Be-Tolerant-300x225.jpeg 300w, https:\/\/rroma.org\/wp-content\/uploads\/2015\/01\/Be-Tolerant-624x468.jpeg 624w, https:\/\/rroma.org\/wp-content\/uploads\/2015\/01\/Be-Tolerant-266x200.jpeg 266w\" sizes=\"auto, (max-width: 830px) 100vw, 830px\" \/><figcaption class=\"wp-element-caption\">Sei tolerant<\/figcaption><\/figure>\n\n\n\n<p>Heute gibt es im Kosovo nur noch einen Bruchteil der urspr\u00fcnglichen Roma. Die meisten sind geflohen und haben sich anderswo niedergelassen, viele von ihnen leben in der Schweiz und in Deutschland.<\/p>\n\n\n\n<h3 class=\"wp-block-heading\">Eine andere Form der ethnischen S\u00e4uberung<\/h3>\n\n\n\n<p>In vielen L\u00e4ndern wurde eine sch\u00e4dlichere Form der ethnischen S\u00e4uberung eingef\u00fchrt. Laut Beh\u00f6rden sind Roma-Siedlungen einfach illegal, da sie nie offiziell registriert wurden. H\u00e4user haben keine Baugenehmigung, Stra\u00dfen gibt es nicht. Dies erm\u00f6glicht es den Beh\u00f6rden, \u201eillegale Geb\u00e4ude\u201c zu zerst\u00f6ren, ohne offiziell ethnische S\u00e4uberungen durchzuf\u00fchren. <\/p>\n\n\n\n<p>Diese Methode wurde \u00fcberall angewendet, war aber in Bulgarien vorherrschend, obwohl Siedlungen dort seit langem dokumentiert sind. <\/p>\n\n\n\n<h3 class=\"wp-block-heading\">Nationalismus und Populismus<\/h3>\n\n\n\n<p>Der Aufstieg populistischer und nationalistischer Parteien seit den fr\u00fchen 1990er Jahren war spektakul\u00e4r. Um nur einige zu nennen: AfD in Deutschland; Front National (jetzt Rassemblement National) in Frankreich; Lega in Italien; Jobbik und andere in Ungarn, sogar Orbans Fides; Kotlebas Partei in der Slowakei; usw.<\/p>\n\n\n\n<p>In einem sind sich alle diese Parteien einig: Roma sind keine Europ\u00e4er und st\u00f6ren. Sie stehlen und betteln, und es muss etwas gegen sie unternommen werden. Diese Propaganda hat bereits sehr negative Folgen gehabt. Roma wurden wie in Ungarn get\u00f6tet, in vielen L\u00e4ndern zusammengeschlagen, und die Haltung der allgemeinen Bev\u00f6lkerung hat sich endg\u00fcltig gegen die Roma gewendet. <\/p>\n\n\n\n<h3 class=\"wp-block-heading\">Rassismus<\/h3>\n\n\n\n<p>Zu glauben, dass der Rassismus haupts\u00e4chlich in Osteuropa konzentriert ist, ist ein Trugschluss. Institutioneller Rassismus gegen Roma ist in jedem europ\u00e4ischen Land weit verbreitet. Die Polizei, die Sozialdienste, die Verwaltung sind alle gegen Roma voreingenommen. Die Liste der Beispiele ist nahezu unendlich. Rassismus gegen Roma wird immer noch nicht als solcher anerkannt und viele \u00c4u\u00dferungen dar\u00fcber w\u00e4ren einfach nicht akzeptabel, wenn sie \u00fcber irgendeine andere Minderheit gemacht w\u00fcrden. <\/p>\n\n\n\n<h3 class=\"wp-block-heading\">Krieg in der Ukraine<\/h3>\n\n\n\n<p>In diesem Jahr hat Russland die Ukraine \u00fcberfallen. Das war auch nicht gut f\u00fcr die Roma. Viele mussten fliehen und viele wurden mit Rassismus konfrontiert. Lesen Sie unser <a href=\"https:\/\/rroma.org\/de\/foundation-reports\/roma-in-the-ukraine\/\">Bericht<\/a> \u00fcber Roma in der Ukraine. <\/p>\n\n\n\n<p><\/p>","protected":false},"excerpt":{"rendered":"<p>Between 1989 and 1991, communism fell all over Eastern Europe. Democracy appeared, led by people who were for the most [&hellip;]<\/p>\n","protected":false},"author":1,"featured_media":26179,"parent":62,"menu_order":65,"comment_status":"closed","ping_status":"closed","template":"","meta":{"_exactmetrics_skip_tracking":false,"_exactmetrics_sitenote_active":false,"_exactmetrics_sitenote_note":"","_exactmetrics_sitenote_category":0,"footnotes":""},"class_list":["post-78","page","type-page","status-publish","has-post-thumbnail","hentry"],"fifu_image_url":"https:\/\/gdb.rferl.org\/CA3C9C3F-7D81-4A0A-A490-66B34F4617AE_w1080_r0_s.jpg","_links":{"self":[{"href":"https:\/\/rroma.org\/de\/wp-json\/wp\/v2\/pages\/78","targetHints":{"allow":["GET"]}}],"collection":[{"href":"https:\/\/rroma.org\/de\/wp-json\/wp\/v2\/pages"}],"about":[{"href":"https:\/\/rroma.org\/de\/wp-json\/wp\/v2\/types\/page"}],"author":[{"embeddable":true,"href":"https:\/\/rroma.org\/de\/wp-json\/wp\/v2\/users\/1"}],"replies":[{"embeddable":true,"href":"https:\/\/rroma.org\/de\/wp-json\/wp\/v2\/comments?post=78"}],"version-history":[{"count":13,"href":"https:\/\/rroma.org\/de\/wp-json\/wp\/v2\/pages\/78\/revisions"}],"predecessor-version":[{"id":26178,"href":"https:\/\/rroma.org\/de\/wp-json\/wp\/v2\/pages\/78\/revisions\/26178"}],"up":[{"embeddable":true,"href":"https:\/\/rroma.org\/de\/wp-json\/wp\/v2\/pages\/62"}],"wp:featuredmedia":[{"embeddable":true,"href":"https:\/\/rroma.org\/de\/wp-json\/wp\/v2\/media\/26179"}],"wp:attachment":[{"href":"https:\/\/rroma.org\/de\/wp-json\/wp\/v2\/media?parent=78"}],"curies":[{"name":"wp","href":"https:\/\/api.w.org\/{rel}","templated":true}]}}

<p>Zwischen 1989 und 1991 fiel der Kommunismus in ganz Osteuropa. Die Demokratie entstand, angeführt von Menschen, die größtenteils früher Kommunisten waren. Die Roma mussten sich neuen, schwierigen Problemen stellen. Arbeit war und ist das Größte. </p>



<p>Roma verloren ihre Arbeit, als große staatliche Fabriken und staatliche Farmen geschlossen wurden. Viele Menschen waren (und sind) arbeitslos, nicht nur Roma, aber ihre Situation ist schwierig, da viele schlecht qualifiziert waren. </p>



<p>In dieser Zeit entstanden auch politischer Extremismus, Nationalismus und Chauvinismus und vor allem Hass auf Ausländer. In den ehemals kommunistischen Staaten nehmen Roma-feindliche Einstellungen zu. Roma werden zusammengeschlagen oder gar ermordet, ihre Häuser niedergebrannt. Diese Attacken finden in ganz Osteuropa statt, von Russland und Polen über die Tschechische und Slowakische Republik bis hin zu Ungarn, Rumänien und Bulgarien.</p>



<h3 class="wp-block-heading">Wirtschaftliche Probleme</h3>



<p>Die Kombination aus dem Verlust von Arbeitsplätzen, zunehmendem Anti-Roma-Rassismus und schlechter Bildung hat die Roma effektiv aus dem postkommunistischen Boom in Osteuropa ausgeschlossen. Viele sind seit der Wende arbeitslos und leben von staatlicher Sozialhilfe.</p>



<figure class="wp-block-image size-large"><img loading="lazy" decoding="async" width="1024" height="683" src="https://rroma.org/wp-content/uploads/2024/12/CA3C9C3F-7D81-4A0A-A490-66B34F4617AE_w1080_r0_s-1024x683.jpg" alt="" class="wp-image-26176" srcset="https://rroma.org/wp-content/uploads/2024/12/CA3C9C3F-7D81-4A0A-A490-66B34F4617AE_w1080_r0_s-1024x683.jpg 1024w, https://rroma.org/wp-content/uploads/2024/12/CA3C9C3F-7D81-4A0A-A490-66B34F4617AE_w1080_r0_s-300x200.jpg 300w, https://rroma.org/wp-content/uploads/2024/12/CA3C9C3F-7D81-4A0A-A490-66B34F4617AE_w1080_r0_s-768x512.jpg 768w, https://rroma.org/wp-content/uploads/2024/12/CA3C9C3F-7D81-4A0A-A490-66B34F4617AE_w1080_r0_s-18x12.jpg 18w, https://rroma.org/wp-content/uploads/2024/12/CA3C9C3F-7D81-4A0A-A490-66B34F4617AE_w1080_r0_s-624x416.jpg 624w, https://rroma.org/wp-content/uploads/2024/12/CA3C9C3F-7D81-4A0A-A490-66B34F4617AE_w1080_r0_s-272x182.jpg 272w, https://rroma.org/wp-content/uploads/2024/12/CA3C9C3F-7D81-4A0A-A490-66B34F4617AE_w1080_r0_s.jpg 1080w" sizes="auto, (max-width: 1024px) 100vw, 1024px" /><figcaption class="wp-element-caption">Roma Siedlung in der Slowakei</figcaption></figure>



<p>Diese Arbeitslosigkeit und Armut, insbesondere in der Karpatenregion, zusammen mit einer zunehmenden Segregation innerhalb der Gemeinschaften und einer schlechten Bildung haben viele Roma in Mitteleuropa de facto vom Arbeitsleben abgeschnitten, und dies über mehrere Generationen. </p>



<p>Die schwierige wirtschaftliche Lage, zusammen mit Rassismus und Anti-Roma-Akten, veranlasste viele Roma zur Flucht in westeuropäische Länder. Viele rumänische, tschechische, slowakische und bulgarische Roma kamen nach Deutschland, in die Schweiz und in andere reiche westliche Länder.</p>



<p>Die meisten von ihnen waren (und sind) illegale Einwanderer oder Flüchtlinge. Sie suchten etwas zu tun, zu arbeiten, zu leben, aber viele von ihnen fanden kein besseres Leben als das, das sie verlassen hatten. </p>



<h3 class="wp-block-heading">Länderpartitionen</h3>



<p>Die Roma in Osteuropa standen vor einem weiteren schweren Problem. In der Tschechischen und Slowakischen Republik, in den baltischen Staaten, wollten die Behörden den Roma die neue Staatsbürgerschaft nicht geben. Am schlimmsten war die Lage in der Ex-Tschechoslowakei. Im Zweiten Weltkrieg wurden alle tschechischen Roma deportiert und in Konzentrationslagern ermordet. Um sie zu ersetzen, zogen slowakische Roma als ungelernte Arbeiter in die großen tschechischen Fabriken und ließen die Roma nach ihrer Schließung arbeitslos.</p>



<p>Bei der Teilung gewährten die tschechischen Behörden den Roma nicht die tschechische Staatsbürgerschaft und behaupten, sie seien Slowaken. Aber die neue Slowakische Republik wollte sie nicht zurücknehmen, sie hatten keine Staatsbürgerschaft. Das wurde nach ein paar Jahren gelöst. </p>



<h3 class="wp-block-heading">Ethnische Säuberung</h3>



<p>Beim Zerfall Jugoslawiens kam es zu den schlimmsten Übergriffen gegen Roma, insbesondere in Bosnien und im Kosovo. Dort engagierten sich alle Beteiligten für ethnische Säuberungen gegen Roma, was zu einem fast vollständigen Verschwinden dieser zum Teil über tausend Jahre alten Roma-Gemeinschaften führte.</p>



<h4 class="wp-block-heading">Bosnien</h4>



<p>Der Bosnienkrieg mit seinem Nationalismus erwies sich für die Roma als beinahe tödlich. Die Roma fanden keinen Platz unter den drei „ethnischen“ Hauptgruppen der Bosniaken, Kroaten und Serben. Man sollte beachten, dass diese Teilung größtenteils eine religiöse und keine ethnische ist. Roma-Siedlungen wurden von allen Seiten zerstört und Roma wurden zur Flucht gezwungen, innerhalb des Landes und auch darüber hinaus.</p>



<figure class="wp-block-image size-large"><img decoding="async" src="https://rroma.org/wp-content/uploads/2015/01/Houses-in-Doboj.jpeg" alt=""/><figcaption class="wp-element-caption">Doboj - die Roma Siedlung</figcaption></figure>



<p>Die Roma sind zwar nicht mehr zur Flucht gezwungen, haben aber dennoch keinen Platz in einem nach ethnischen Kriterien definierten Staat.</p>



<h4 class="wp-block-heading">Kosovo</h4>



<p>Im Gegensatz zu Bosnien war die Situation im Kosovo völlig anders. Die Roma waren gut in das soziale Gefüge integriert und gehörten effektiv zur Mittelschicht, insbesondere in Städten wie Prizren. Die autochthonen Roma, die Arlii und Bugurdži, sowie Gruppen wie die Ägypter und die Aschkali, Roma, die ihres Romanes weitgehend verloren haben, stellten sich auf die Seite der Albaner. Nur einige Gurbeti, ursprünglich Vlach-Roma, stellten sich auf die Seite der Serben.</p>



<p>Als solche verloren viele Roma ihre Arbeit, zusammen mit den Albanern, als Milosevic versuchte, den serbischen Einfluss auf das Kosovo zu sichern. Viele flohen damals gemeinsam mit Albanern. Viele Roma unterstützten die albanische UCK zu Beginn des Krieges und waren schockiert, als sie nach der Nato-Intervention aus dem Kosovo ausgewiesen und ihr Eigentum beschlagnahmt wurde.</p>



<figure class="wp-block-image size-full"><img loading="lazy" decoding="async" width="830" height="622" src="https://rroma.org/wp-content/uploads/2015/01/Be-Tolerant.jpeg" alt="" class="wp-image-833" srcset="https://rroma.org/wp-content/uploads/2015/01/Be-Tolerant.jpeg 830w, https://rroma.org/wp-content/uploads/2015/01/Be-Tolerant-300x225.jpeg 300w, https://rroma.org/wp-content/uploads/2015/01/Be-Tolerant-624x468.jpeg 624w, https://rroma.org/wp-content/uploads/2015/01/Be-Tolerant-266x200.jpeg 266w" sizes="auto, (max-width: 830px) 100vw, 830px" /><figcaption class="wp-element-caption">Sei tolerant</figcaption></figure>



<p>Heute gibt es im Kosovo nur noch einen Bruchteil der ursprünglichen Roma. Die meisten sind geflohen und haben sich anderswo niedergelassen, viele von ihnen leben in der Schweiz und in Deutschland.</p>



<h3 class="wp-block-heading">Eine andere Form der ethnischen Säuberung</h3>



<p>In vielen Ländern wurde eine schädlichere Form der ethnischen Säuberung eingeführt. Laut Behörden sind Roma-Siedlungen einfach illegal, da sie nie offiziell registriert wurden. Häuser haben keine Baugenehmigung, Straßen gibt es nicht. Dies ermöglicht es den Behörden, „illegale Gebäude“ zu zerstören, ohne offiziell ethnische Säuberungen durchzuführen. </p>



<p>Diese Methode wurde überall angewendet, war aber in Bulgarien vorherrschend, obwohl Siedlungen dort seit langem dokumentiert sind. </p>



<h3 class="wp-block-heading">Nationalismus und Populismus</h3>



<p>Der Aufstieg populistischer und nationalistischer Parteien seit den frühen 1990er Jahren war spektakulär. Um nur einige zu nennen: AfD in Deutschland; Front National (jetzt Rassemblement National) in Frankreich; Lega in Italien; Jobbik und andere in Ungarn, sogar Orbans Fides; Kotlebas Partei in der Slowakei; usw.</p>



<p>In einem sind sich alle diese Parteien einig: Roma sind keine Europäer und stören. Sie stehlen und betteln, und es muss etwas gegen sie unternommen werden. Diese Propaganda hat bereits sehr negative Folgen gehabt. Roma wurden wie in Ungarn getötet, in vielen Ländern zusammengeschlagen, und die Haltung der allgemeinen Bevölkerung hat sich endgültig gegen die Roma gewendet. </p>



<h3 class="wp-block-heading">Rassismus</h3>



<p>Zu glauben, dass der Rassismus hauptsächlich in Osteuropa konzentriert ist, ist ein Trugschluss. Institutioneller Rassismus gegen Roma ist in jedem europäischen Land weit verbreitet. Die Polizei, die Sozialdienste, die Verwaltung sind alle gegen Roma voreingenommen. Die Liste der Beispiele ist nahezu unendlich. Rassismus gegen Roma wird immer noch nicht als solcher anerkannt und viele Äußerungen darüber wären einfach nicht akzeptabel, wenn sie über irgendeine andere Minderheit gemacht würden. </p>



<h3 class="wp-block-heading">Krieg in der Ukraine</h3>



<p>In diesem Jahr hat Russland die Ukraine überfallen. Das war auch nicht gut für die Roma. Viele mussten fliehen und viele wurden mit Rassismus konfrontiert. Lesen Sie unser <a href="https://rroma.org/de/foundation-reports/roma-in-the-ukraine/">Bericht</a> über Roma in der Ukraine. </p>



<p></p>
